luate -1 - (1 - (7 - (9 - 5))).
1
Calculate 2 + (0 - (2 - -1)) + -4.
-5
2 + -1 - 0 - (-38 + 35)
4
Calculate (12 + -3 - (-2 - -5)) + -4.
2
What is the value of (-8 - -10) + 5 - 1?
6
Calculate -10 + (4 - 1) - (-1 + -1).
-5
Calculate -9 + (1 - (-2 + 5 + -3)).
-8
Evaluate 0 - -2 - 2 - (3 + -12).
9
0 + 9 + -5 + -5
-1
What is the value of (5 - 12 - -13) + -4 - 5?
-3
8 - (-9 - (-6 + -7))
4
What is 3 + -4 + -1 + 3?
1
1 + -6 + 5 + (4 - 4)
0
What is 18 + (-9 - (12 - 11))?
8
Calculate -4 + 1 + 6 + 1 + -3.
1
What is (0 - 8) + (-12 - -16)?
-4
What is (0 - 6) + 10 - 10?
-6
1 - (-3 + -3 - -3)
4
What is (-3 - -5) + 2 + 1?
5
What is the value of (7 - 2) + (1 - 10)?
-4
What is the value of 3 - (1 + -7 + (0 - -3))?
6
What is -1 - (5 + -7) - (0 + 4)?
-3
Calculate -3 - (-2 - (-3 - -5)).
1
What is 2 - (1 + 4) - (0 - 3)?
0
Calculate (-7 - (-15 + 5)) + -7.
-4
Evaluate 5 + -4 + -2 + 2 - 5.
-4
Evaluate -8 + 5 + 4 - (1 + 2).
-2
What is the value of (2 - 4) + -1 - (-2 + 2)?
-3
What is 0 + (5 - 4) + -10?
-9
Calculate -8 + 2 + 3 + 11.
8
What is 6 - ((-5 - (5 + -27)) + -6)?
-5
Calculate 1 - (-9 + -1 + 11).
0
What is the value of (16 - 1 - 12) + -1?
2
Evaluate 29 - 18 - (12 + 4).
-5
What is the value of -19 + 23 + 3 + -14?
-7
Evaluate (-3 - -8) + -3 + (1 - -2).
5
What is (-2 - -1) + -20 + 13?
-8
(-5 - 2) + (-22 - -30)
1
-1 + 0 - -1 - -1 - 1
0
What is -7 + 5 + -9 + 10?
-1
-1 - -2 - -3 - 10 - -3
-3
What is the value of -2 + -1 + 1 + -1 + -1?
-4
What is -3 - (-1 + (-1 - -5 - 5))?
-1
(0 - -3) + -5 + -2 + -1
-5
What is 2 - (-6 - (1 + -5) - -5)?
-1
What is the value of (52 - 45) + 1 + -5?
3
What is the value of (0 + (-2 - 1) - -3) + 2?
2
Calculate (-6 - -1) + -2 + 11 + 0.
4
Evaluate 5 - (8 + -10 - -7).
0
5 + (-11 - 4 - -7)
-3
What is the value of -32 + 39 - (2 - -5)?
0
What is 1 + 5 - (5 + (-1 - 2))?
4
What is the value of -2 + 2 + (0 - -2) + -4?
-2
What is -8 + 5 + 2 + -4?
-5
Evaluate (4 - 2 - 7) + 0 + -2.
-7
6 + (-1 - 3 - 0)
2
Calculate -30 + 9 + (20 - 8).
-9
0 - 2 - (-13 - -9)
2
Calculate -1 - (2 + 0 + 1 - 1).
-3
What is the value of 12 + -1 + -48 + 40?
3
Calculate -1 + 2 + 0 - 8.
-7
5 + 0 + (1 - -3)
9
Calculate 4 - 9 - (5 - 11).
1
-2 + (-5 - (-9 - 5))
7
Evaluate -6 + 7 - ((7 - 1) + -13).
8
What is the value of -2 + (1 - 1 - (24 + -24))?
-2
What is the value of 9 - -6 - 7 - 6?
2
(-6 - -1) + (-3 - -11)
3
What is -8 + 4 + -3 + 6?
-1
Evaluate 0 + 6 + -2 - 4.
0
12 + -5 + (-2 - 1) + 1
5
Calculate 2 - -1 - (7 - 5).
1
9 + -3 + -1 + -3
2
(-29 - -32) + (-1 - (2 - 4))
4
Evaluate (-11 - -7 - -5) + -8.
-7
Calculate -3 - (10 + -3) - -12.
2
3 + (-3 - 1 - 2)
-3
What is 0 - (-4 + 4) - 5?
-5
Calculate 14 + (-26 - -13) + 5 + 1.
7
0 - (-1 + -1 + -1 + 3)
0
4 + 0 + -1 - 0
3
0 + 2 + (0 - 6)
-4
What is the value of 4 - 1 - (-8 - -8) - -3?
6
2 + -2 - (-118 - -122)
-4
Evaluate (-4 + 1 - 5) + 6 - -2.
0
What is the value of 6 - ((3 - 1) + 3)?
1
Calculate -3 - (1 + -1 + -1 - 3).
1
Evaluate -3 - (-10 - (-1 - (4 - 1))).
3
0 + -1 + 4 - 0 - -3
6
Evaluate -5 - (-3 - (-5 - -2)) - -4.
-1
Evaluate -7 - (6 + -7 - 2).
-4
What is -4 + -4 + 6 + 5?
3
Calculate (3 - 3) + -2 + 3.
1
What is the value of -2 + 1 + -3 + 0?
-4
(-5 - -14) + -5 - 8
-4
Evaluate -1 - (-8 - -8 - 6).
5
What is the value of -7 + 1 + -1 + 7 + -2?
-2
Evaluate -66 + 60 - (0 + 4).
-10
Calculate 14 + 11 + -3 + -13.
9
Evaluate 3 + 6 + -14 - -5.
0
What is the value of -11 + 0 + 6 + 9?
4
(-8 - 1) + -63 + 82
10
What is the value of (-2 - (13 + -12 + 6)) + 3?
-6
What is (-8 - -3) + (6 - (2 - 9))?
8
Calculate 2 + 1 - (-3 + 12 - 5).
-1
Calculate -11 + (13 - 1) - 9.
-8
What is 7 - (5 - (-3 + 5))?
4
Calculate 1 - (2 - (3 - (-1 - 0))).
3
What is (-10 - -6) + -2 - -2?
-4
What is the value of 56 + -55 + (3 - 0)?
4
Calculate (4 - 4) + 2 + -3 + 3.
2
1 - (2 - (3 + -5 + 2))
-1
What is 5 - ((5 - 6) + 8)?
-2
What is the value of -1 - -8 - (10 + -19 - -14)?
2
-6 + (-1 - (-4 + 3 + -4))
-2
What is the value of -6 + -3 + 5 + -1?
-5
6 + -9 + 1 + 5
3
7 - (6 - (4 + -4 - -1))
2
2 + 1 - 1 - (6 - 5)
1
Evaluate -3 - (3 + -4 + -5).
3
-10 - (-8 - (0 + -15 + 8))
-9
Evaluate 1 + (1 - 1) - (-5 - -3).
3
What is the value of (4 - 0) + -5 + -4?
-5
Calculate (5 - 2) + -6 + 0.
-3
What is (8 - 7) + -9 + 7?
-1
What is -6 - (-5 + 1 + 11 + -5)?
-8
Calculate -3 + (7 - 9) - (-1 + -1).
-3
Calculate -2 + (0 - -5) + (-5 - -2).
0
Calculate (0 - 0) + (9 - (10 + -5)).
4
Evaluate 3 + (-3 - 1 - 3) + 1.
-3
Calculate -4 + 5 - 1 - -4 - 5.
-1
What is 2 + -1 - 5 - (13 + -16)?
-1
What is the value of 7 - (2 - 1) - (-3 + 4)?
5
What is (3 - (-3 - (-5 + -5))) + 4?
0
What is the value of (5 - 1) + 0 - 1?
3
What is the value of 4 - 7 - 7 - -8?
-2
-3 - -1 - (9 + -17 - -6)
0
What is the value of 4 + -3 + 1 + 1 + 2?
5
What is 1 + 2 + (-2 - (5 - 3))?
-1
What is the value of (-6 - (-13 + 9)) + 4?
2
What is 6 - ((8 - 3) + 2)?
-1
Evaluate -5 + 7 + 4 - (1 + 1).
4
What is the value of 48 - 55 - (-1 + -6)?
0
What is the value of 4 + (0 - -1 - 3) + 0?
2
Evaluate 5 + 5 + (-12 - (-7 - -1)).
4
Evaluate (16 + -6 - -1) + -8.
3
What is the value of (-1 + -3 - (19 - 24)) + -3?
-2
What is -3 - ((3 - -4 - 16) + 2)?
4
-2 + 3 + 2 - (1 - 2)
4
3 + (4 - ((2 - -2) + 0))
3
Calculate (-3 - 2) + -4 - -6.
-3
Calculate -1 + (-4 - (-9 - -8)).
-4
What is (-3 - -13) + -4 - 11?
-5
Evaluate -2 - (2 + -1 + -1 + 2).
-4
What is 6 + (-6 - (-7 + -8 + 12))?
3
3 + -1 + -1 - (25 + -16)
-8
Evaluate 2 - 0 - (10 + 3 - 5).
-6
Calculate 1 + -20 + 18 + 1 + 5.
5
2 + 2 + (0 - 3)
1
What is (12 - (-2 + 9)) + (-10 - -1)?
-4
Evaluate 2 + -3 + 13 + -7.
5
What is -1 + -1 - (-3 - (2 + -2))?
1
What is (-8 - 0) + (10 - 12 - -6)?
-4
What is (0 - 0) + (-1 - -27 - 21)?
5
Evaluate (-4 - -11) + -5 + 2.
4
What is (3 + -2 - (-2 + 7)) + 5?
1
What is the value of -1 - 0 - (6 - -1) - -4?
-4
What is the value of -14 + 19 + -10 + 1?
-4
Evaluate 7 - 9 - (-2 + 0).
0
-3 + 0 + 1 + (10 - 3)
5
Calculate 0 + 1 + (16 - 12).
5
Evaluate -5 - (0 - -3 - 0 - 4).
-4
What is the value of -5 + (2 - (5 + -4))?
-4
8 - (0 - (-2 + -1)) - 3
2
-17 + 18 - (1 - -1) - 4
-5
Calculate 1 - (0 + 10 - 13).
4
Evaluate 3 - 5 - (4 - 2).
-4
What is 1 + (-5 + 2 - -4)?
2
What is the value of 9 - (-13 - -2 - -19)?
1
What is the value of -52 - -56 - (-4 + 0 + 1)?
7
Evaluate 3 + (-4 + 1 - 0).
0
Calculate 1 - (3 + -6 - 3) - 1.
6
0 - 3 - (-9 - -16 - 11)
1
-6 - (-2 + 1 + -2)
-3
1 + (3 - -6) + -9 + 3
4
What is -16 + (6 - -6) + -1 + -3?
-8
-4 + 4 + 5 + 2 + -2
5
Calculate -8 - (-7 + 2) - (-6 + -2).
5
-14 + 15 + -4 + 0
-3
(0 - 1 - (-4 - -4)) + 6
5
Calculate 32 - 42 - (-1 + -4).
-5
What is the value of 1 - (-8 + 4 + 3 + 6)?
-4
Calculate (25 - 15) + (-11 - -6).
5
Evaluate -1 - 2 - -18 - 9.
6
-1 - (4 + (5 - 5))
-5
Calculate (1 + 0 - 2) + 5.
4
Evaluate (5 - -1) + -3 + -5.
-2
Evaluate (11 - 20) + 1 + 5.
-3
Evaluate -4 + (-1 - (6 - 8)).
-3
Evaluate -3 + (2 - 0) - 3.
-4
What is the value of (4 - 2 - -7) + -6?
3
What is the value of 6 + (-9 - -4 - -6)?
7
(-3 - (-11 + 0)) + -5
3
Calculate (-2 - 8) + 104 + -88.
6
Calculate (-2 - 0) + (0 + 4 - 3).
-1
0 + -3 + (6 - -1 - -2)
6
5 - (5 - (-2 - (-3 + 0)))
1
Evaluate 2 + 2 + -3 + (9 - 6).
4
13 + -1 + -2 + -1 + -2
7
-5 + 0 - (6 - -2 - 13)
0
Evaluate (-1 - -2 - -2) + -7.
-4
What is 2 + 1 + -3 + 3 + -4?
-1
What is the value of 0 + -7 - (3 - 4)?
-6
-4 - (6 - 12) - (4 + -1)
-1
What is 5 + -1 + (2 - (2 - 0))?
4
What is the value of 4 - (-2 - (0 - 11))?
-5
What is 2 + -7 + (3 - 4)?
-6
Evaluate 0 + -3 - (-5 - 3 - -7).
-2
What is -5 - 1 - (-4 - 1)?
-1
What is (-1 - -1) + (0 - -1)?
1
Calculate 18 + -21 - (0 - -2) - -8.
3
-3 + 2 + 2 + -6
-5
What is 0 + 1 - 4 - (-59 - -61)?
-5
What is the value of (-57 + 68 - (1 - -1)) + -1?
8
What is the value of 1 + 0 - 2 - (33 - 34)?
0
Calculate (2 + 4 - (15 - 9)) + 2.
2
Calculate (-3 - 1) + -12 + 16 + -7.
-7
(-1 - -4) + (-2 - -3) + -7
-3
What is -1 - (-4 + -2 - 3)?
8
4 - (5 + -2 + (5 - 5))
1
What is 2 + 4 + -5 - (-2 + 1)?
2
What is 1 + -6 + (-9 - -9 - -4)?
-1
Evaluate -13 + 14 - (3 + -1 + -3).
2
What is 6 + -7 + (12 - -5) + -6?
10
Evaluate (1 - 2) + -1 + 1.
-1
What is the value of 3 - -7 - (7 + -2)?
5
-6 + (3 + -4 - 5) + 6
-6
What is the value of -3 + -3 + -1 - -6?
-1
What is the value of (-3 - -4) + -3 + (13 - 4)?
7
What is -9 + 5 + (6 - (-2 + 4))?
0
What is -1 - (2 - 4) - -4 - 1?
4
Calculate -3 - (5 - 3) - -3.
-2
What is -19 + (-12 - -23) - -4?
-4
Calculate -2 - (1 -